 n?
1
What is the hundreds digit of 18795 + 118 - (-110)/(-5)?
8
Suppose 0*i = 2*i + 3*u + 397, 0 = 4*i + 4*u + 784. Let z = i + 828. What is the tens digit of z?
3
Suppose 3 = -9*v + 3. Suppose -23*t + 21*t + 6 = v. What is the units digit of -2 + 1 - -60 - t?
6
Let d(y) = 20*y + 105. Let v be d(16). Suppose -10*n = -v - 1495. What is the tens digit of n?
9
Suppose -1008 - 449 = -k - 5*j, -4*k + j + 5828 = 0. What is the units digit of k?
7
Let n(w) = -w**2 - 34*w - 57. Let d be n(-16). Let l = d + 82. What is the tens digit of l?
1
Let p be 2/(((-2)/(-508))/(-1 - -2)). Let o = p - 228. What is the hundreds digit of o?
2
Suppose 59 = -4*d + 83. Suppose -413 = d*x - 13*x. What is the units digit of x?
9
Suppose -6*x + 79762 + 287966 = 61800. What is the tens digit of x?
8
Let v(w) be the second derivative of -w + 2/3*w**4 + 4*w**2 - 1/20*w**5 + 0 + 5/6*w**3. What is the tens digit of v(8)?
4
Let o = 93 - 102. Let p be (o - -4 - -5) + 4. Suppose 5*h + 9*u - p*u = 40, 0 = 3*h - 3*u - 54. What is the units digit of h?
3
Suppose 6*n + 16 = -2*n. Let l be ((-5)/(10/212))/(n/4). Suppose 0 = -2*f + 5*d + 163, -5*d + 143 = 5*f - l. What is the units digit of f?
4
Let l(g) = -g**2 - 135*g - 201. What is the tens digit of l(-62)?
2
Let p be 387/(-2)*(-40)/6. Suppose -15*y = -10*y - p. What is the tens digit of y?
5
Let x = -20 - -24. Let s(v) = -3*v + 16. Let p be s(x). Suppose p*d = -4*j + 392, -d + j + 113 = -3*j. What is the tens digit of d?
0
Suppose 5*w + 5*o = 2*o + 72701, o = 2. What is the thousands digit of w?
4
Suppose -3*z - z + 896 = 0. Let f = -8944 - -8979. Let t = z - f. What is the hundreds digit of t?
1
Let s(v) = 2*v**2 + 26*v + 124. Let f be s(-7). Suppose f = 5*w - 175. What is the units digit of w?
3
Suppose -5*k - 2*s = -63954, 5*k - 4*s + 5018 = 68990. What is the hundreds digit of k?
7
Let s(u) = -2*u**3 - 14*u**2 - 22*u + 18. Suppose -6*i + 3*i - 3*d - 48 = 0, 39 = -4*i + d. What is the hundreds digit of s(i)?
2
Suppose 46*o = 2218 + 5004. Let x(p) = -101*p. Let b be x(-1). Let n = o - b. What is the units digit of n?
6
Let r = 50 - -15. Suppose -4*g - 57 + r = 0. What is the hundreds digit of g*(470/8 + 3/(-4))?
1
Suppose 13*p = 4645 + 1218. Let g = 663 - p. Let o = g + -9. What is the hundreds digit of o?
2
Suppose -t + 3 = 2*t. Let j be 3 + 5/(-5) + t + 50. Let u = -40 + j. What is the tens digit of u?
1
Suppose -5*n - 41 = -4*c, -2*c = -3*n - c - 19. Let u be ((-138)/n)/(3 + (-108)/40). Suppose -u = -j - j. What is the tens digit of j?
4
Let l be 1 + 2 - (-15)/(-3 - 2). Suppose -5*j = -5*d + 1405, -4*d + 1159 = -l*d + 3*j. What is the tens digit of d?
8
Let d(f) be the first derivative of -47*f**2 + 44*f - 218. What is the hundreds digit of d(-7)?
7
Let j = 5718 - -12149. What is the units digit of j?
7
Suppose -2*d = -4, 4*s + 0*d = -2*d - 260. Let o = s + 66. Suppose 4*g = -q + 416, -q = -2*g - o*g + 202. What is the hundreds digit of g?
1
Let d = 25176 - 14357. What is the ten thousands digit of d?
1
What is the hundreds digit of -13 + (-29)/((-232)/147192)?
3
Let v be (2566/(-4))/(5/(-4) - -1). Let m = v + -1500. What is the hundreds digit of m?
0
Let b be -514 - -2*(-18)/(-12). Let o = -261 - b. What is the units digit of o?
0
Let y be 8/(-28) - (-325)/35. Suppose 8*h + 61 = y*h. Suppose 2*d - 61 = h. What is the units digit of d?
1
Let v(h) = h**3 - 14*h**2 + 16*h - 40. Let b be v(13). What is the hundreds digit of (3/(-9)*4659)/(b/1)?
5
Suppose -8*f = f - 27. Suppose -f*n + 363 = p + 61, 2 = p. What is the units digit of (120/n)/((-4)/(-10))?
3
Suppose -5*b = -b - 4, 3*r - 5*b = -29. Let q(f) = -f**3 - 9*f**2 - 10*f - 17. Let l be q(r). What is the tens digit of (0 + l - 45)*(-2)/4?
2
Let j = -12222 + 12228. Let n(x) = -x**2 + 22*x + 19. Let v(s) = 3*s**2 - 65*s - 57. Let b(t) = -17*n(t) - 6*v(t). What is the units digit of b(j)?
9
Suppose -160 = 99*d - 139*d. Suppose -3*g + 4*x + 160 = 0, 0 = 4*g - x + 3*x - 250. Suppose 4*s + 33 = 2*h + s, -4*h = -d*s - g. What is the tens digit of h?
1
Suppose 0 = -h + 5, -5*k + 3078 = 3*h - 25292. Let r = k + -4008. What is the thousands digit of r?
1
Let z be 5*(3 - 106/10). Let y = -46 - z. Let x(o) = o**3 + 9*o**2 - 13*o - 19. What is the hundreds digit of x(y)?
1
What is the units digit of ((-124)/6)/(167814/5994 + -28)?
2
Let s(l) = 2*l**3 + 6*l**2 - 4*l - 32. Let g be s(-8). Let x = g - -1069. What is the units digit of x?
9
Let j(f) = -f**2 - 26*f - 20. Let n be j(-21). Suppose -4*x + n = -5*k, 3*x - 5*x + 41 = -k. What is the tens digit of x?
2
Suppose 50*t = -108511 + 1011711. What is the hundreds digit of t?
0
Let o = -52 + 17. Let q = o - -418. What is the units digit of q?
3
Let k(s) = 13*s**2 - 210*s - 86. Let d(u) = 6*u**2 - 105*u - 43. Let v(w) = -5*d(w) + 2*k(w). What is the units digit of v(24)?
9
Let y = 93 - 38. Suppose -68*r + 18 + 17 - 35 = 0. Suppose -2*m + y + 9 = r. What is the units digit of m?
2
Let c be (-2 + 17)*30/(-9). Let u = -52 - c. What is the tens digit of (u + (-44)/(-12))*(1 + 23)?
4
What is the units digit of 728442/171 + 0 + 6/57?
0
Suppose -8*p - 60724 = 11*p. Let t = 4661 + p. What is the thousands digit of t?
1
Let i(l) = l**3 - 6*l**2 + 6*l - 3. Suppose -20 = -9*k + 5*k. Let u be i(k). Let y = u + 170. What is the tens digit of y?
7
Suppose -4*x = 5*w - 8, 3*x + 5*w = 8 + 3. Let p(z) = -17*z - 10. Let r be p(x). Let k = r - -43. What is the tens digit of k?
8
What is the ten thousands digit of 6 + (124/6)/(74991/(-25011) + 3)?
1
Let m(x) = -x**2 - 11*x - 8. Let n be m(-10). Let z(y) = 6*y**2 - y + 10*y**n - 2 - 2*y + 2*y. What is the tens digit of z(-1)?
1
What is the thousands digit of (-1)/8 - (21059/24)/((-3)/27)?
7
Suppose 2*n - 18059 - 7464 = 3*r, 3*n + 3*r - 38322 = 0. What is the tens digit of n?
6
Suppose -33 = 144*f - 145*f - c, -3*c = -15. Suppose 0*l - 2*l - 256 = 0. Let y = f - l. What is the tens digit of y?
5
Suppose -15*d = -17*d + 10, -56648 = -p - 2*d. What is the thousands digit of p?
6
Let z(s) = -470*s + 3406. What is the tens digit of z(-19)?
3
Suppose -y = 5*y - 30. Suppose -3*r + 5*r - 17 = -i, -y*r - 133 = -4*i. Suppose -3*c + 5*t = -i, t - 15 - 12 = -3*c. What is the units digit of c?
9
Let j be 4/20 + 237/15. Suppose 36 = 5*d + z, -5*z = -3*d - 20 + 64. What is the tens digit of j/(1/(-18*(-2)/d))?
7
Suppose -5*p - 3*p = -8. Let h be 9 - p - (-5 + (3 - -5)). Suppose 0 = h*c + 2*y - 460, 25 = 4*y + 5. What is the units digit of c?
0
Suppose -15 = -2*c + 21. Let g = c + 82. What is the hundreds digit of g?
1
Suppose 4*r + 27 - 47 = 0. Suppose r*q - 1656 = -2*v, 0 = -3*q + 2*v + 904 + 96. What is the hundreds digit of q?
3
Suppose -427 - 106 = -b. Suppose z - 81 = -u + 458, -z = -u - b. What is the hundreds digit of z?
5
Let t(r) = 164*r - 80. Let l be t(-5). Let q = 1519 + l. What is the tens digit of q?
1
What is the thousands digit of ((-23)/(391/1523812))/(-4)?
2
Suppose 2999*a - 76650 = 2969*a. What is the hundreds digit of a?
5
Let b = 7945 + -3881. What is the units digit of b?
4
Let n(k) be the third derivative of -k**6/90 + 3*k**5/40 - 2*k**4/3 + 8*k**2. Let u(d) be the second derivative of n(d). What is the tens digit of u(-8)?
7
Suppose 4 = 5*o + 29. Let y be (-10 - -4)*4/6. What is the units digit of -27*1/(-3)*(y - o)?
9
Suppose -3330 = 6363*d - 6369*d. What is the units digit of d?
5
Suppose 2*p = 12, -27*y + 32*y - 5*p - 52110 = 0. What is the tens digit of y?
2
Let p = 46391 + -28261. What is the thousands digit of p?
8
Suppose -4*v + 2*j = -12, -24 = -5*v - 3*j - 9. Suppose v*l - 139 = 1589. What is the units digit of l?
6
Let n(u) = 147*u - 9. Let d be n(1). Let f = d + 105. What is the hundreds digit of f?
2
What is the ten thousands digit of 8 + (-1062350)/(-45) + -2 + (-40)/(-18)?
2
Let z = -3019 - -8389. What is the thousands digit of z?
5
Let o = -123 + 5922. What is the units digit of o?
9
Let d = 4515 + -835. Suppose 0 = 12*g - d - 1420. What is the tens digit of g?
2
Let g be (-8)/(-6)*(-6)/4. Let u(k) = 3*k**2 - 2. Let v be u(g). Suppose -407 = -z - v*z. What is the tens digit of z?
3
Let b be -1 + ((-1)/3)/(2/(-18)). Suppose t + 7 = 3*s, b*t - 2*s + 1 = 3. Suppose 860 - 90 = t*r. What is the hundreds digit of r?
1
Let h(q) = 3*q**2 - q - 8. Let p be h(-2). Suppose -2*o - 4 = -p. What